{"id":64,"date":"2018-11-11T17:01:08","date_gmt":"2018-11-11T17:01:08","guid":{"rendered":"http:\/\/liceulhalanga.ro\/?page_id=64"},"modified":"2018-11-13T18:22:16","modified_gmt":"2018-11-13T18:22:16","slug":"facilitati","status":"publish","type":"page","link":"http:\/\/liceulhalanga.ro\/index.php\/facilitati\/","title":{"rendered":"Facilit\u0103\u0163i"},"content":{"rendered":"<div class=\"paris-header\">\n<div class=\"container\">\n<div class=\"nav desktop-nav\">\n<p>&nbsp;<\/p>\n<\/div>\n<\/div>\n<\/div>\n<div class=\"main-wrap\">\n<div class=\"container\">\n<div class=\"content-wrap\">\n<div id=\"wsite-content\" class=\"wsite-elements wsite-not-footer\">\n<div class=\"paragraph\">\n<ul>\n<li>\u00a0Tarife reduse la cazare \u0219i mas\u0103, aprovizionarea se realizeaz\u0103 cu produse din ferma vegetal\u0103<\/li>\n<li>\u00a0Decontarea a 50 % din pre\u021bul abonamentului de transport auto.<\/li>\n<li>\u00a0Burse &#8222;Bani de liceu&#8221;, Burse &#8222;profesionale&#8221;, Burse de merit, de studiu \u0219i sociale.<\/li>\n<li>\u00a0Facilitarea ob\u021binerii de credite de c\u0103tre absolven\u021bi \u00een vederea derul\u0103rii de afaceri \u00een domeniul \u00een care se preg\u0103tesc.<\/li>\n<li>\u00a0Rela\u021bii contractuale cu agen\u021bii economici \u00een vederea angaj\u0103rii de absolven\u021bi.<\/li>\n<\/ul>\n<\/div>\n<\/div>\n<\/div>\n<\/div>\n<\/div>\n","protected":false},"excerpt":{"rendered":"<p>&nbsp; \u00a0Tarife reduse la cazare \u0219i mas\u0103, aprovizionarea se realizeaz\u0103 cu produse din ferma vegetal\u0103 \u00a0Decontarea a 50 % din pre\u021bul abonamentului de transport auto. \u00a0Burse &#8222;Bani de liceu&#8221;, Burse &#8222;profesionale&#8221;, Burse de merit, de studiu \u0219i sociale. \u00a0Facilitarea ob\u021binerii de credite de c\u0103tre absolven\u021bi \u00een vederea derul\u0103rii de afaceri \u00een domeniul \u00een care se &hellip; <\/p>\n<p class=\"link-more\"><a href=\"http:\/\/liceulhalanga.ro\/index.php\/facilitati\/\" class=\"more-link\">Continu\u0103 lectura<span class=\"screen-reader-text\"> \u201eFacilit\u0103\u0163i\u201d<\/span><\/a><\/p>\n","protected":false},"author":1,"featured_media":91,"parent":0,"menu_order":0,"comment_status":"closed","ping_status":"closed","template":"","meta":{"footnotes":""},"class_list":["post-64","page","type-page","status-publish","has-post-thumbnail","hentry"],"_links":{"self":[{"href":"http:\/\/liceulhalanga.ro\/index.php\/wp-json\/wp\/v2\/pages\/64","targetHints":{"allow":["GET"]}}],"collection":[{"href":"http:\/\/liceulhalanga.ro\/index.php\/wp-json\/wp\/v2\/pages"}],"about":[{"href":"http:\/\/liceulhalanga.ro\/index.php\/wp-json\/wp\/v2\/types\/page"}],"author":[{"embeddable":true,"href":"http:\/\/liceulhalanga.ro\/index.php\/wp-json\/wp\/v2\/users\/1"}],"replies":[{"embeddable":true,"href":"http:\/\/liceulhalanga.ro\/index.php\/wp-json\/wp\/v2\/comments?post=64"}],"version-history":[{"count":3,"href":"http:\/\/liceulhalanga.ro\/index.php\/wp-json\/wp\/v2\/pages\/64\/revisions"}],"predecessor-version":[{"id":78,"href":"http:\/\/liceulhalanga.ro\/index.php\/wp-json\/wp\/v2\/pages\/64\/revisions\/78"}],"wp:featuredmedia":[{"embeddable":true,"href":"http:\/\/liceulhalanga.ro\/index.php\/wp-json\/wp\/v2\/media\/91"}],"wp:attachment":[{"href":"http:\/\/liceulhalanga.ro\/index.php\/wp-json\/wp\/v2\/media?parent=64"}],"curies":[{"name":"wp","href":"https:\/\/api.w.org\/{rel}","templated":true}]}}